{"id":1029,"date":"2019-09-06T11:15:20","date_gmt":"2019-09-06T11:15:20","guid":{"rendered":"http:\/\/krain.de\/?page_id=1029"},"modified":"2019-09-06T11:27:45","modified_gmt":"2019-09-06T11:27:45","slug":"einhornzauber","status":"publish","type":"page","link":"http:\/\/krain.de\/?page_id=1029","title":{"rendered":"Einhornzauber"},"content":{"rendered":"<p><img loading=\"lazy\" class=\"alignleft wp-image-1027\" src=\"http:\/\/krain.de\/wp-content\/uploads\/2019\/09\/Einhornzauber1.jpg\" alt=\"\" width=\"327\" height=\"480\" srcset=\"http:\/\/krain.de\/wp-content\/uploads\/2019\/09\/Einhornzauber1.jpg 423w, http:\/\/krain.de\/wp-content\/uploads\/2019\/09\/Einhornzauber1-204x300.jpg 204w\" sizes=\"(max-width: 327px) 100vw, 327px\" \/><\/p>\n<p>In diesem eBook vereinigt der Ashera-Verlag viele sch\u00f6ne Fantasy-Geschichten aus lange vergriffenen Anthologien. Ich freue mich sehr, dass meine Beitr\u00e4ge &#8222;Indigo&#8220; (erstmals erschienen in den &#8222;<a href=\"http:\/\/krain.de\/?page_id=890\">Schattenversuchungen<\/a>&#8222;) sowie &#8222;Gier und Neugier&#8220; (erstmals erschienen in &#8222;<a href=\"http:\/\/krain.de\/?page_id=936\">Die Drachenburg<\/a>&#8222;)\u00a0 hier ein neues Zuhause gefunden haben.<\/p>\n<hr \/>\n<p>Anthologie &#8211; Fantasy<br \/>\nAshera-Verlag<br \/>\n<a href=\"http:\/\/www.amazon.de\/dp\/B07HB93HXH\" target=\"_blank\" rel=\"noopener noreferrer\"><strong>eBook 6,99 \u20ac<\/strong><\/a><br \/>\nCover: Atelier Bonzai<\/p>\n<h5><strong>Klappentext:<\/strong><\/h5>\n<p>Das Einhorn hat schon immer die Menschen verzaubert.<\/p>\n<p>Tanja Bern, Barbara B\u00fcchner, Tanya Carpenter, Helene Henke, Iris Hennemann, Desir\u00e9e und Frank Hoese, Gabriele Ketterl, Guido Krain, Thomas Neumeier, Tabea Petersen, S\u00f6ren Prescher und Claudia Romes m\u00f6chten Sie in ihre fantastischen Geschichten \u2013 nicht nur rund um dieses Fabelwesen \u2013, sondern auch um andere fantastische Wesen und Begebenheiten entf\u00fchren.<\/p>\n<p>Always be yourself, unless you can be a unicorn. Then, always be a unicorn. &#8211; Jaime Murray<\/p>\n<hr \/>\n<p>&nbsp;<\/p>\n","protected":false},"excerpt":{"rendered":"<p>In diesem eBook vereinigt der Ashera-Verlag viele sch\u00f6ne Fantasy-Geschichten aus lange vergriffenen Anthologien. Ich freue mich [&hellip;]<\/p>\n","protected":false},"author":1,"featured_media":0,"parent":0,"menu_order":0,"comment_status":"closed","ping_status":"closed","template":"","meta":[],"_links":{"self":[{"href":"http:\/\/krain.de\/index.php?rest_route=\/wp\/v2\/pages\/1029"}],"collection":[{"href":"http:\/\/krain.de\/index.php?rest_route=\/wp\/v2\/pages"}],"about":[{"href":"http:\/\/krain.de\/index.php?rest_route=\/wp\/v2\/types\/page"}],"author":[{"embeddable":true,"href":"http:\/\/krain.de\/index.php?rest_route=\/wp\/v2\/users\/1"}],"replies":[{"embeddable":true,"href":"http:\/\/krain.de\/index.php?rest_route=%2Fwp%2Fv2%2Fcomments&post=1029"}],"version-history":[{"count":3,"href":"http:\/\/krain.de\/index.php?rest_route=\/wp\/v2\/pages\/1029\/revisions"}],"predecessor-version":[{"id":1036,"href":"http:\/\/krain.de\/index.php?rest_route=\/wp\/v2\/pages\/1029\/revisions\/1036"}],"wp:attachment":[{"href":"http:\/\/krain.de\/index.php?rest_route=%2Fwp%2Fv2%2Fmedia&parent=1029"}],"curies":[{"name":"wp","href":"https:\/\/api.w.org\/{rel}","templated":true}]}}