{"id":1055,"date":"2019-09-06T12:22:55","date_gmt":"2019-09-06T12:22:55","guid":{"rendered":"http:\/\/krain.de\/?page_id=1055"},"modified":"2019-09-06T12:25:01","modified_gmt":"2019-09-06T12:25:01","slug":"bunte-welt","status":"publish","type":"page","link":"http:\/\/krain.de\/?page_id=1055","title":{"rendered":"Bunte Welt"},"content":{"rendered":"<p><img loading=\"lazy\" class=\"alignleft wp-image-1056\" src=\"http:\/\/krain.de\/wp-content\/uploads\/2019\/09\/buntewelt.jpg\" alt=\"\" width=\"340\" height=\"480\" srcset=\"http:\/\/krain.de\/wp-content\/uploads\/2019\/09\/buntewelt.jpg 624w, http:\/\/krain.de\/wp-content\/uploads\/2019\/09\/buntewelt-212x300.jpg 212w\" sizes=\"(max-width: 340px) 100vw, 340px\" \/><\/p>\n<p>Dieser Band enth\u00e4lt meinen ersten ernsthaften Versuch, eine Geschichte f\u00fcr Kinder zu schreiben.<\/p>\n<hr \/>\n<p>Anthologie &#8211; Geschichten f\u00fcr Kinder<br \/>\nArunya-Verlag<br \/>\n<a href=\"https:\/\/www.arunya-verlag.de\/?product=bunte-welt\" target=\"_blank\" rel=\"noopener noreferrer\"><strong>Gro\u00dfformatiges Hardcover 24,95 \u20ac<\/strong><\/a><br \/>\nISBN 978-3-95810-016-9<br \/>\n<a href=\"https:\/\/www.amazon.de\/gp\/product\/B01JFGNPNS\/ref=as_li_tl?ie=UTF8&amp;camp=1638&amp;creative=6742&amp;creativeASIN=B01JFGNPNS&amp;linkCode=as2&amp;tag=arunyaverla0f-21\" target=\"_blank\" rel=\"noopener noreferrer\"><strong>eBook 5,99 \u20ac<\/strong><\/a><br \/>\nCover- und Innengrafiken: Peter Wall<br \/>\nCoverartwork Shikomo<\/p>\n<h5><strong>Klappentext:<\/strong><\/h5>\n<p><em><strong>Abenteuerliche Geschichten f\u00fcr Kinder im Grundschulalter. Ideal f\u00fcr die Zucht von B\u00fccherw\u00fcrmern und Leseratten.<\/strong><\/em><\/p>\n<p>Die BUNTE WELT ist gro\u00df und vielf\u00e4ltig, bunt und schrill, nachdenklich und lustig, fantasievoll und m\u00e4rchenhaft. Vor allem l\u00e4sst sie sich nicht in Schubladen pressen oder begrenzen.<\/p>\n<p><em>Autoren:<\/em><\/p>\n<p>Ladina Bordoli, Barbara B\u00fcchner, Tanya Carpenter, Jana Engels, Thomas Fitzner, Rebecca Hohlbein, Guido Krain, Lothar Nietsch, Bernd Perplies, Astrid Pfister, Sophie Oliver, Tabea Petersen, Helene Reckling, Nena Siara und Fabienne Siegmund.<\/p>\n<hr \/>\n<h5><\/h5>\n<h5>Mein Beitrag &#8222;Flumflum und die Verschw\u00f6rung der M\u00e4use&#8220;:<\/h5>\n<p>Staubm\u00e4use k\u00f6nnen sehr anh\u00e4nglich sein und sind sehr gen\u00fcgsam. Ein gem\u00fctlicher Platz unter dem Sofa, ein paar Kr\u00fcmel und Katzenhaare reichen aus, um sie gl\u00fccklich zu machen. Flumflum ist ein besonders gl\u00fcckliches Exemplar seiner Art und betrachtet sich als den besten Freund seines menschlichen Mitbewohners Bruno. Wie es aussieht, wenn sich Staubm\u00e4use f\u00fcr ihr gem\u00fctliches Zuhause bedanken, wird Bruno in dieser Geschichte am eigenen Leib erfahren \u2013 und die halbe Stadt dazu.<\/p>\n<hr \/>\n<p>&nbsp;<\/p>\n","protected":false},"excerpt":{"rendered":"<p>Dieser Band enth\u00e4lt meinen ersten ernsthaften Versuch, eine Geschichte f\u00fcr Kinder zu schreiben. Anthologie &#8211; Geschichten [&hellip;]<\/p>\n","protected":false},"author":1,"featured_media":0,"parent":0,"menu_order":0,"comment_status":"closed","ping_status":"closed","template":"","meta":[],"_links":{"self":[{"href":"http:\/\/krain.de\/index.php?rest_route=\/wp\/v2\/pages\/1055"}],"collection":[{"href":"http:\/\/krain.de\/index.php?rest_route=\/wp\/v2\/pages"}],"about":[{"href":"http:\/\/krain.de\/index.php?rest_route=\/wp\/v2\/types\/page"}],"author":[{"embeddable":true,"href":"http:\/\/krain.de\/index.php?rest_route=\/wp\/v2\/users\/1"}],"replies":[{"embeddable":true,"href":"http:\/\/krain.de\/index.php?rest_route=%2Fwp%2Fv2%2Fcomments&post=1055"}],"version-history":[{"count":1,"href":"http:\/\/krain.de\/index.php?rest_route=\/wp\/v2\/pages\/1055\/revisions"}],"predecessor-version":[{"id":1057,"href":"http:\/\/krain.de\/index.php?rest_route=\/wp\/v2\/pages\/1055\/revisions\/1057"}],"wp:attachment":[{"href":"http:\/\/krain.de\/index.php?rest_route=%2Fwp%2Fv2%2Fmedia&parent=1055"}],"curies":[{"name":"wp","href":"https:\/\/api.w.org\/{rel}","templated":true}]}}

<p><img loading="lazy" class="alignleft wp-image-1056" src="http://krain.de/wp-content/uploads/2019/09/buntewelt.jpg" alt="" width="340" height="480" srcset="http://krain.de/wp-content/uploads/2019/09/buntewelt.jpg 624w, http://krain.de/wp-content/uploads/2019/09/buntewelt-212x300.jpg 212w" sizes="(max-width: 340px) 100vw, 340px" /></p>
<p>Dieser Band enthält meinen ersten ernsthaften Versuch, eine Geschichte für Kinder zu schreiben.</p>
<hr />
<p>Anthologie &#8211; Geschichten für Kinder<br />
Arunya-Verlag<br />
<a href="https://www.arunya-verlag.de/?product=bunte-welt" target="_blank" rel="noopener noreferrer"><strong>Großformatiges Hardcover 24,95 €</strong></a><br />
ISBN 978-3-95810-016-9<br />
<a href="https://www.amazon.de/gp/product/B01JFGNPNS/ref=as_li_tl?ie=UTF8&amp;camp=1638&amp;creative=6742&amp;creativeASIN=B01JFGNPNS&amp;linkCode=as2&amp;tag=arunyaverla0f-21" target="_blank" rel="noopener noreferrer"><strong>eBook 5,99 €</strong></a><br />
Cover- und Innengrafiken: Peter Wall<br />
Coverartwork Shikomo</p>
<h5><strong>Klappentext:</strong></h5>
<p><em><strong>Abenteuerliche Geschichten für Kinder im Grundschulalter. Ideal für die Zucht von Bücherwürmern und Leseratten.</strong></em></p>
<p>Die BUNTE WELT ist groß und vielfältig, bunt und schrill, nachdenklich und lustig, fantasievoll und märchenhaft. Vor allem lässt sie sich nicht in Schubladen pressen oder begrenzen.</p>
<p><em>Autoren:</em></p>
<p>Ladina Bordoli, Barbara Büchner, Tanya Carpenter, Jana Engels, Thomas Fitzner, Rebecca Hohlbein, Guido Krain, Lothar Nietsch, Bernd Perplies, Astrid Pfister, Sophie Oliver, Tabea Petersen, Helene Reckling, Nena Siara und Fabienne Siegmund.</p>
<hr />
<h5></h5>
<h5>Mein Beitrag &#8222;Flumflum und die Verschwörung der Mäuse&#8220;:</h5>
<p>Staubmäuse können sehr anhänglich sein und sind sehr genügsam. Ein gemütlicher Platz unter dem Sofa, ein paar Krümel und Katzenhaare reichen aus, um sie glücklich zu machen. Flumflum ist ein besonders glückliches Exemplar seiner Art und betrachtet sich als den besten Freund seines menschlichen Mitbewohners Bruno. Wie es aussieht, wenn sich Staubmäuse für ihr gemütliches Zuhause bedanken, wird Bruno in dieser Geschichte am eigenen Leib erfahren – und die halbe Stadt dazu.</p>
<hr />
<p>&nbsp;</p>

<p>Dieser Band enthält meinen ersten ernsthaften Versuch, eine Geschichte für Kinder zu schreiben. Anthologie &#8211; Geschichten [&hellip;]</p>
