{"id":1354,"date":"2020-09-17T11:42:43","date_gmt":"2020-09-17T11:42:43","guid":{"rendered":"http:\/\/krain.de\/?page_id=1354"},"modified":"2021-01-18T12:57:16","modified_gmt":"2021-01-18T12:57:16","slug":"die-zahnfee","status":"publish","type":"page","link":"http:\/\/krain.de\/?page_id=1354","title":{"rendered":"Die Zahnfee"},"content":{"rendered":"<p><img loading=\"lazy\" class=\"alignleft wp-image-1348\" src=\"http:\/\/krain.de\/wp-content\/uploads\/2020\/09\/CoverZE1kl-187x300.jpg\" alt=\"\" width=\"250\" height=\"400\" srcset=\"http:\/\/krain.de\/wp-content\/uploads\/2020\/09\/CoverZE1kl-187x300.jpg 187w, http:\/\/krain.de\/wp-content\/uploads\/2020\/09\/CoverZE1kl.jpg 499w\" sizes=\"(max-width: 250px) 100vw, 250px\" \/>Roman &#8211; Krimi<br \/>\nZander ermittelt Band 1<br \/>\nArunya-Verlag<br \/>\n<a href=\"https:\/\/www.arunya-verlag.de\/?product=die-zahnfee\" target=\"_blank\" rel=\"noopener noreferrer\"><strong>Hardcover 14,90 \u20ac<\/strong><\/a><br \/>\nISBN 978-3-95810-036-7<br \/>\n<a href=\"https:\/\/www.amazon.de\/gp\/product\/B08FH8B8GD\/ref=as_li_tl?ie=UTF8&amp;camp=1638&amp;creative=6742&amp;creativeASIN=B08FH8B8GD&amp;linkCode=as2&amp;tag=arunyaverla0f-21&amp;linkId=705b5eaf29d4a7e0a0c17b81b922ccad\" target=\"_blank\" rel=\"noopener noreferrer\"><strong>eBook &#8211; 4,99 \u20ac<\/strong><\/a><br \/>\nCover und Innengrafiken: Shikomo<\/p>\n<p>&nbsp;<\/p>\n<h5><\/h5>\n<h5><strong>Klappentext:<\/strong><\/h5>\n<p><em>Grauenvoll zugerichtete Leichen und die Verwicklung finsterer Kulte lassen die Hamburger Polizei am Rande des Okkulten ermitteln. Die Opfer stammen aus den h\u00f6chsten Kreisen der Gesellschaft und mit jeder weiteren Bluttat w\u00e4chst die Erkenntnis, dass man es entweder wirklich mit einem alten Fluch oder einer v\u00f6llig unbekannten Mordmethode zu tun hat.<\/em><br \/>\n<em>Kommissar Tycho Zander glaubt nicht an Magie. Schon gar nicht an Werw\u00f6lfe, die ihre Spuren auch mal mit Abflussreiniger verwischen. Doch dann kommt der Fall viel zu nahe an den hartgesottenen Polizisten heran und die Jagd wird pers\u00f6nlich. Die Frage ist nur, wer der J\u00e4ger und wer der Gejagte ist.<\/em><\/p>\n<p>&nbsp;<\/p>\n<h5><strong>Pressestimmen:<\/strong><\/h5>\n<h6><\/h6>\n<h6><em>Rezension von<\/em> <a href=\"https:\/\/phantastischewelt.wordpress.com\/2021\/01\/10\/guido-krain-die-zahnfee\/\" target=\"_blank\" rel=\"noopener noreferrer\">El Mundo Fantastico<\/a><\/h6>\n<p>Diese Mischung aus blutigem Mystery-Thriller und schr\u00e4gem Humor kann man getrost als unorthodox bezeichnen. Doch Guido Krain hat den Spannungsfaden stets fest in H\u00e4nden und sorgt daf\u00fcr, dass die Story nicht entgleist.<\/p>\n<p><strong>FAZIT<\/strong><br \/>\nWer \u201enur\u201c einen Thriller erwartet, wird m\u00f6glicherweise entt\u00e4uscht werden, wer sich dagegen gerne \u00fcberraschen l\u00e4sst, dem sei der erste Fall von Tycho Zander w\u00e4rmstens empfohlen.<\/p>\n<p>&nbsp;<\/p>\n","protected":false},"excerpt":{"rendered":"<p>Roman &#8211; Krimi Zander ermittelt Band 1 Arunya-Verlag Hardcover 14,90 \u20ac ISBN 978-3-95810-036-7 eBook &#8211; 4,99 [&hellip;]<\/p>\n","protected":false},"author":1,"featured_media":0,"parent":0,"menu_order":0,"comment_status":"closed","ping_status":"closed","template":"","meta":[],"_links":{"self":[{"href":"http:\/\/krain.de\/index.php?rest_route=\/wp\/v2\/pages\/1354"}],"collection":[{"href":"http:\/\/krain.de\/index.php?rest_route=\/wp\/v2\/pages"}],"about":[{"href":"http:\/\/krain.de\/index.php?rest_route=\/wp\/v2\/types\/page"}],"author":[{"embeddable":true,"href":"http:\/\/krain.de\/index.php?rest_route=\/wp\/v2\/users\/1"}],"replies":[{"embeddable":true,"href":"http:\/\/krain.de\/index.php?rest_route=%2Fwp%2Fv2%2Fcomments&post=1354"}],"version-history":[{"count":5,"href":"http:\/\/krain.de\/index.php?rest_route=\/wp\/v2\/pages\/1354\/revisions"}],"predecessor-version":[{"id":1364,"href":"http:\/\/krain.de\/index.php?rest_route=\/wp\/v2\/pages\/1354\/revisions\/1364"}],"wp:attachment":[{"href":"http:\/\/krain.de\/index.php?rest_route=%2Fwp%2Fv2%2Fmedia&parent=1354"}],"curies":[{"name":"wp","href":"https:\/\/api.w.org\/{rel}","templated":true}]}}

<p><img loading="lazy" class="alignleft wp-image-1348" src="http://krain.de/wp-content/uploads/2020/09/CoverZE1kl-187x300.jpg" alt="" width="250" height="400" srcset="http://krain.de/wp-content/uploads/2020/09/CoverZE1kl-187x300.jpg 187w, http://krain.de/wp-content/uploads/2020/09/CoverZE1kl.jpg 499w" sizes="(max-width: 250px) 100vw, 250px" />Roman &#8211; Krimi<br />
Zander ermittelt Band 1<br />
Arunya-Verlag<br />
<a href="https://www.arunya-verlag.de/?product=die-zahnfee" target="_blank" rel="noopener noreferrer"><strong>Hardcover 14,90 €</strong></a><br />
ISBN 978-3-95810-036-7<br />
<a href="https://www.amazon.de/gp/product/B08FH8B8GD/ref=as_li_tl?ie=UTF8&amp;camp=1638&amp;creative=6742&amp;creativeASIN=B08FH8B8GD&amp;linkCode=as2&amp;tag=arunyaverla0f-21&amp;linkId=705b5eaf29d4a7e0a0c17b81b922ccad" target="_blank" rel="noopener noreferrer"><strong>eBook &#8211; 4,99 €</strong></a><br />
Cover und Innengrafiken: Shikomo</p>
<p>&nbsp;</p>
<h5></h5>
<h5><strong>Klappentext:</strong></h5>
<p><em>Grauenvoll zugerichtete Leichen und die Verwicklung finsterer Kulte lassen die Hamburger Polizei am Rande des Okkulten ermitteln. Die Opfer stammen aus den höchsten Kreisen der Gesellschaft und mit jeder weiteren Bluttat wächst die Erkenntnis, dass man es entweder wirklich mit einem alten Fluch oder einer völlig unbekannten Mordmethode zu tun hat.</em><br />
<em>Kommissar Tycho Zander glaubt nicht an Magie. Schon gar nicht an Werwölfe, die ihre Spuren auch mal mit Abflussreiniger verwischen. Doch dann kommt der Fall viel zu nahe an den hartgesottenen Polizisten heran und die Jagd wird persönlich. Die Frage ist nur, wer der Jäger und wer der Gejagte ist.</em></p>
<p>&nbsp;</p>
<h5><strong>Pressestimmen:</strong></h5>
<h6></h6>
<h6><em>Rezension von</em> <a href="https://phantastischewelt.wordpress.com/2021/01/10/guido-krain-die-zahnfee/" target="_blank" rel="noopener noreferrer">El Mundo Fantastico</a></h6>
<p>Diese Mischung aus blutigem Mystery-Thriller und schrägem Humor kann man getrost als unorthodox bezeichnen. Doch Guido Krain hat den Spannungsfaden stets fest in Händen und sorgt dafür, dass die Story nicht entgleist.</p>
<p><strong>FAZIT</strong><br />
Wer „nur“ einen Thriller erwartet, wird möglicherweise enttäuscht werden, wer sich dagegen gerne überraschen lässt, dem sei der erste Fall von Tycho Zander wärmstens empfohlen.</p>
<p>&nbsp;</p>
