{"id":758,"date":"2019-09-05T14:21:09","date_gmt":"2019-09-05T14:21:09","guid":{"rendered":"http:\/\/krain.de\/?page_id=758"},"modified":"2019-09-26T19:29:17","modified_gmt":"2019-09-26T19:29:17","slug":"die-augen-des-panthers","status":"publish","type":"page","link":"http:\/\/krain.de\/?page_id=758","title":{"rendered":"Die Augen des Panthers"},"content":{"rendered":"<p><img loading=\"lazy\" class=\"alignleft wp-image-709\" src=\"http:\/\/krain.de\/wp-content\/uploads\/2019\/09\/pantheraugen.jpg\" alt=\"\" width=\"300\" height=\"480\" srcset=\"http:\/\/krain.de\/wp-content\/uploads\/2019\/09\/pantheraugen.jpg 500w, http:\/\/krain.de\/wp-content\/uploads\/2019\/09\/pantheraugen-188x300.jpg 188w\" sizes=\"(max-width: 300px) 100vw, 300px\" \/><\/p>\n<p>Roman &#8211; Mystery\/Thriller<br \/>\nArunya-Verlag<br \/>\n<a href=\"https:\/\/www.arunya-verlag.de\/?product=die-augen-des-panthers\" target=\"_blank\" rel=\"noopener noreferrer\"><strong>Hardcover &#8211; ca. 254 Seiten &#8211; 14,90 \u20ac<\/strong><\/a><br \/>\nISBN 978-3-95810-015-2<br \/>\n<a href=\"http:\/\/www.amazon.de\/gp\/product\/B01HN4GVU8\/ref=as_li_tl?ie=UTF8&amp;camp=1638&amp;creative=6742&amp;creativeASIN=B01HN4GVU8&amp;linkCode=as2&amp;tag=arunyaverla0f-21\" target=\"_blank\" rel=\"noopener noreferrer\"><strong>eBook &#8211; 4,99 \u20ac<\/strong><\/a><br \/>\nCover und Innengrafiken: Shikomo<\/p>\n<h5><strong>Klappentext:<\/strong><\/h5>\n<p><span class=\"mbm-book-summary-text\">Es gibt schreckliche Bilder, die man nie wieder aus dem Kopf bekommt. Was aber kann so schrecklich sein, dass jemand ein uraltes Gem\u00e4lde mit gr\u00fcnem Lack \u00fcbersch\u00fcttet, das Kunstwerk mitsamt Goldrahmen in den besten Tresor seiner Zeit legt, diesen zuschwei\u00dft und dann im Fundament seines Hauses einbetoniert?<\/span><\/p>\n<p><span class=\"mbm-book-summary-text\">\u00dcber ein Jahrhundert sp\u00e4ter stellt sich die Hamburger Kunstszene die gleiche Frage. Der geheimnisvolle Kellerfund wird zum Lebensinhalt von Lea, einer ebenso gefragten wie sch\u00fcchternen Restauratorin, die das uralte Gem\u00e4lde mit unendlicher Geduld von der gr\u00fcnen Schicht befreit. Sie st\u00f6\u00dft auf ein uraltes Geheimnis, das ihr Leben f\u00fcr immer ver\u00e4ndern und vielleicht sogar beenden wird.<\/span><\/p>\n<hr \/>\n<h5><\/h5>\n<h5>H\u00f6rprobe<\/h5>\n<p>In der folgenden Aufnahme stellte mich Marco Ansing seinen H\u00f6rern vor und las auch einen Miniausschnitt aus &#8222;Die Augen des Panthers&#8220;.\u00a0 Mit Marcos freundlichen Erlaubnis stelle ich die Datei hier ein.<\/p>\n<div class=\"track\"><span class=\"songtitle\">H\u00f6rprobe und kurze Vorstellung des Autors<\/span><span class=\"songwriter\">(Die Augen des Panthers)<\/span><span class=\"audiobutton\"><\/span><div class=\"albumtrack\" style=\"visibility:hidden;\"><!--[if lt IE 9]><script>document.createElement('audio');<\/script><![endif]-->\n<audio class=\"wp-audio-shortcode\" id=\"audio-758-1\" preload=\"metadata\" style=\"width: 100%;\" controls=\"controls\"><source type=\"audio\/mpeg\" src=\"http:\/\/krain.de\/Marco%20Ansing%20liest%20aus%20Lea.mp3?_=1\" \/><a href=\"http:\/\/krain.de\/Marco%20Ansing%20liest%20aus%20Lea.mp3\">http:\/\/krain.de\/Marco%20Ansing%20liest%20aus%20Lea.mp3<\/a><\/audio><\/div><\/div>\n<p>&nbsp;<\/p>\n","protected":false},"excerpt":{"rendered":"<p>Roman &#8211; Mystery\/Thriller Arunya-Verlag Hardcover &#8211; ca. 254 Seiten &#8211; 14,90 \u20ac ISBN 978-3-95810-015-2 eBook &#8211; [&hellip;]<\/p>\n","protected":false},"author":1,"featured_media":0,"parent":0,"menu_order":0,"comment_status":"closed","ping_status":"closed","template":"","meta":[],"_links":{"self":[{"href":"http:\/\/krain.de\/index.php?rest_route=\/wp\/v2\/pages\/758"}],"collection":[{"href":"http:\/\/krain.de\/index.php?rest_route=\/wp\/v2\/pages"}],"about":[{"href":"http:\/\/krain.de\/index.php?rest_route=\/wp\/v2\/types\/page"}],"author":[{"embeddable":true,"href":"http:\/\/krain.de\/index.php?rest_route=\/wp\/v2\/users\/1"}],"replies":[{"embeddable":true,"href":"http:\/\/krain.de\/index.php?rest_route=%2Fwp%2Fv2%2Fcomments&post=758"}],"version-history":[{"count":15,"href":"http:\/\/krain.de\/index.php?rest_route=\/wp\/v2\/pages\/758\/revisions"}],"predecessor-version":[{"id":760,"href":"http:\/\/krain.de\/index.php?rest_route=\/wp\/v2\/pages\/758\/revisions\/760"}],"wp:attachment":[{"href":"http:\/\/krain.de\/index.php?rest_route=%2Fwp%2Fv2%2Fmedia&parent=758"}],"curies":[{"name":"wp","href":"https:\/\/api.w.org\/{rel}","templated":true}]}}

<p><img loading="lazy" class="alignleft wp-image-709" src="http://krain.de/wp-content/uploads/2019/09/pantheraugen.jpg" alt="" width="300" height="480" srcset="http://krain.de/wp-content/uploads/2019/09/pantheraugen.jpg 500w, http://krain.de/wp-content/uploads/2019/09/pantheraugen-188x300.jpg 188w" sizes="(max-width: 300px) 100vw, 300px" /></p>
<p>Roman &#8211; Mystery/Thriller<br />
Arunya-Verlag<br />
<a href="https://www.arunya-verlag.de/?product=die-augen-des-panthers" target="_blank" rel="noopener noreferrer"><strong>Hardcover &#8211; ca. 254 Seiten &#8211; 14,90 €</strong></a><br />
ISBN 978-3-95810-015-2<br />
<a href="http://www.amazon.de/gp/product/B01HN4GVU8/ref=as_li_tl?ie=UTF8&amp;camp=1638&amp;creative=6742&amp;creativeASIN=B01HN4GVU8&amp;linkCode=as2&amp;tag=arunyaverla0f-21" target="_blank" rel="noopener noreferrer"><strong>eBook &#8211; 4,99 €</strong></a><br />
Cover und Innengrafiken: Shikomo</p>
<h5><strong>Klappentext:</strong></h5>
<p><span class="mbm-book-summary-text">Es gibt schreckliche Bilder, die man nie wieder aus dem Kopf bekommt. Was aber kann so schrecklich sein, dass jemand ein uraltes Gemälde mit grünem Lack überschüttet, das Kunstwerk mitsamt Goldrahmen in den besten Tresor seiner Zeit legt, diesen zuschweißt und dann im Fundament seines Hauses einbetoniert?</span></p>
<p><span class="mbm-book-summary-text">Über ein Jahrhundert später stellt sich die Hamburger Kunstszene die gleiche Frage. Der geheimnisvolle Kellerfund wird zum Lebensinhalt von Lea, einer ebenso gefragten wie schüchternen Restauratorin, die das uralte Gemälde mit unendlicher Geduld von der grünen Schicht befreit. Sie stößt auf ein uraltes Geheimnis, das ihr Leben für immer verändern und vielleicht sogar beenden wird.</span></p>
<hr />
<h5></h5>
<h5>Hörprobe</h5>
<p>In der folgenden Aufnahme stellte mich Marco Ansing seinen Hörern vor und las auch einen Miniausschnitt aus &#8222;Die Augen des Panthers&#8220;.  Mit Marcos freundlichen Erlaubnis stelle ich die Datei hier ein.</p>
<div class="track"><span class="songtitle">Hörprobe und kurze Vorstellung des Autors</span><span class="songwriter">(Die Augen des Panthers)</span><span class="audiobutton"></span><div class="albumtrack" style="visibility:hidden;"><!--[if lt IE 9]><script>document.createElement('audio');</script><![endif]-->
<audio class="wp-audio-shortcode" id="audio-758-1" preload="metadata" style="width: 100%;" controls="controls"><source type="audio/mpeg" src="http://krain.de/Marco%20Ansing%20liest%20aus%20Lea.mp3?_=1" /><a href="http://krain.de/Marco%20Ansing%20liest%20aus%20Lea.mp3">http://krain.de/Marco%20Ansing%20liest%20aus%20Lea.mp3</a></audio></div></div>
<p>&nbsp;</p>
