{"id":936,"date":"2019-09-05T21:37:15","date_gmt":"2019-09-05T21:37:15","guid":{"rendered":"http:\/\/krain.de\/?page_id=936"},"modified":"2019-09-05T21:37:15","modified_gmt":"2019-09-05T21:37:15","slug":"die-drachenburg","status":"publish","type":"page","link":"http:\/\/krain.de\/?page_id=936","title":{"rendered":"Die Drachenburg"},"content":{"rendered":"<p><img loading=\"lazy\" class=\"alignleft wp-image-937\" src=\"http:\/\/krain.de\/wp-content\/uploads\/2019\/09\/drachenburg.jpg\" alt=\"\" width=\"301\" height=\"480\" srcset=\"http:\/\/krain.de\/wp-content\/uploads\/2019\/09\/drachenburg.jpg 314w, http:\/\/krain.de\/wp-content\/uploads\/2019\/09\/drachenburg-188x300.jpg 188w\" sizes=\"(max-width: 301px) 100vw, 301px\" \/><\/p>\n<p>In diesem Band dreht sich alles um Burgen und ihre Geheimnisse. Meine Geschichte ist die einzige &#8222;Nicht-Fantasy-Story&#8220; des Bandes, weswegen ich die Anthologie auch hier einordne. Es geht &#8211; allgemein gesprochen &#8211; um Burgen. Aber wer sagt, dass man aus dieser Zutat keine gute Science Fiction-Story zusammenr\u00fchren kann?<\/p>\n<p>&#8222;Die Drachenburg&#8220; ist der 10. Band der &#8222;Kaffeepausengeschichten&#8220; des Textlustverlages.<\/p>\n<hr \/>\n<p>Anthologie &#8211; Fantasy\/Science Fiction<br \/>\nTextlust-Verlag<br \/>\n<strong>Paperback 4,95 \u20ac<\/strong><br \/>\nISBN 978-3943295665<\/p>\n<h5><strong>Klappentext:<\/strong><\/h5>\n<p>Lassen Sie sich von geheimnisvollen weiblichen Wesen verf\u00fchren, die Ihnen Perspektiven zu fremden Welten er\u00f6ffnen, von denen Sie bisher nie zu tr\u00e4umen gewagt haben &#8230;<\/p>\n<p>\u00bbAlisha Bionda hat sich neben ihrem Namen als Autorin auch einen als Herausgeberin gemacht. Ihre Anthologien sind ein literarisch-optisches Erlebnis. Nicht umsonst wurden zwei mit dem Deutschen Phantastik Preis ausgezeichnet.<br \/>\nIn diesem Projekt hat sie wieder einmal ein sicheres Gesp\u00fcr f\u00fcr die Verbindung von Text und Bild bewiesen \u2013 und eine illustre Autorenriege zusammengerufen.\u00ab \u2013 Wolfgang Hohlbein<\/p>\n<p>\u00bbEin opulenter und insgesamt recht vielseitiger Fantasy-Schmaus.\u00ab &#8211; Franz Rottensteiner<\/p>\n<p>Inhalt:<br \/>\nRudelk\u00e4mpfe von Fran Henz<br \/>\nWas Lieder nicht verraten von Jennifer Schreiner<br \/>\n&#8230; und f\u00fchre mich nicht in Versuchung von Rainer Innreiter<br \/>\nDie Schrecken der Stille von Barbara B\u00fcchner<br \/>\nDesmodia von Tanya Carpenter<br \/>\nDas Fest der Grauen Mondin von Arthur Gordon Wolf<br \/>\nTabea von Monika Wunderlich<br \/>\nShadoir von Dave T. Morgan<br \/>\nDie Schleier des Vergessens von Linda Budinger<br \/>\nGeliebte des Winters von Guido Krain<br \/>\nSchlangenblut von Robin Gates<br \/>\nEpiphany von Christoph Marzi<br \/>\nDas Geschenk von Aino Laos<br \/>\nDeine Nacht soll niemals enden von Desir\u00e9e &amp; Frank Hoese<br \/>\nNagual von Harald Braem<br \/>\nMit 16 Illustrationen von Gaby Hylla und Nachwort von Uschi Zietsch.<\/p>\n<hr \/>\n<h5><\/h5>\n<h5>Mein Beitrag &#8222;Gier und Neugier&#8220;:<\/h5>\n<p>Mein Beitrag zur Drachenburg ist der einzige des Bandes, der im weitesten Sinne der Science Fiction zuzurechnen ist. Dennoch verbindet er sich im Buch mit den anderen Storys zu einem Ganzen. Das klingt zun\u00e4chst erstaunlich, ist es aber gar nicht. Der rote Faden sind n\u00e4mlich Burgen und phantastische Geschichten \u00fcber Burgen.<\/p>\n<hr \/>\n<p>&nbsp;<\/p>\n","protected":false},"excerpt":{"rendered":"<p>In diesem Band dreht sich alles um Burgen und ihre Geheimnisse. Meine Geschichte ist die einzige [&hellip;]<\/p>\n","protected":false},"author":1,"featured_media":0,"parent":0,"menu_order":0,"comment_status":"closed","ping_status":"closed","template":"","meta":[],"_links":{"self":[{"href":"http:\/\/krain.de\/index.php?rest_route=\/wp\/v2\/pages\/936"}],"collection":[{"href":"http:\/\/krain.de\/index.php?rest_route=\/wp\/v2\/pages"}],"about":[{"href":"http:\/\/krain.de\/index.php?rest_route=\/wp\/v2\/types\/page"}],"author":[{"embeddable":true,"href":"http:\/\/krain.de\/index.php?rest_route=\/wp\/v2\/users\/1"}],"replies":[{"embeddable":true,"href":"http:\/\/krain.de\/index.php?rest_route=%2Fwp%2Fv2%2Fcomments&post=936"}],"version-history":[{"count":1,"href":"http:\/\/krain.de\/index.php?rest_route=\/wp\/v2\/pages\/936\/revisions"}],"predecessor-version":[{"id":938,"href":"http:\/\/krain.de\/index.php?rest_route=\/wp\/v2\/pages\/936\/revisions\/938"}],"wp:attachment":[{"href":"http:\/\/krain.de\/index.php?rest_route=%2Fwp%2Fv2%2Fmedia&parent=936"}],"curies":[{"name":"wp","href":"https:\/\/api.w.org\/{rel}","templated":true}]}}

<p><img loading="lazy" class="alignleft wp-image-937" src="http://krain.de/wp-content/uploads/2019/09/drachenburg.jpg" alt="" width="301" height="480" srcset="http://krain.de/wp-content/uploads/2019/09/drachenburg.jpg 314w, http://krain.de/wp-content/uploads/2019/09/drachenburg-188x300.jpg 188w" sizes="(max-width: 301px) 100vw, 301px" /></p>
<p>In diesem Band dreht sich alles um Burgen und ihre Geheimnisse. Meine Geschichte ist die einzige &#8222;Nicht-Fantasy-Story&#8220; des Bandes, weswegen ich die Anthologie auch hier einordne. Es geht &#8211; allgemein gesprochen &#8211; um Burgen. Aber wer sagt, dass man aus dieser Zutat keine gute Science Fiction-Story zusammenrühren kann?</p>
<p>&#8222;Die Drachenburg&#8220; ist der 10. Band der &#8222;Kaffeepausengeschichten&#8220; des Textlustverlages.</p>
<hr />
<p>Anthologie &#8211; Fantasy/Science Fiction<br />
Textlust-Verlag<br />
<strong>Paperback 4,95 €</strong><br />
ISBN 978-3943295665</p>
<h5><strong>Klappentext:</strong></h5>
<p>Lassen Sie sich von geheimnisvollen weiblichen Wesen verführen, die Ihnen Perspektiven zu fremden Welten eröffnen, von denen Sie bisher nie zu träumen gewagt haben &#8230;</p>
<p>»Alisha Bionda hat sich neben ihrem Namen als Autorin auch einen als Herausgeberin gemacht. Ihre Anthologien sind ein literarisch-optisches Erlebnis. Nicht umsonst wurden zwei mit dem Deutschen Phantastik Preis ausgezeichnet.<br />
In diesem Projekt hat sie wieder einmal ein sicheres Gespür für die Verbindung von Text und Bild bewiesen – und eine illustre Autorenriege zusammengerufen.« – Wolfgang Hohlbein</p>
<p>»Ein opulenter und insgesamt recht vielseitiger Fantasy-Schmaus.« &#8211; Franz Rottensteiner</p>
<p>Inhalt:<br />
Rudelkämpfe von Fran Henz<br />
Was Lieder nicht verraten von Jennifer Schreiner<br />
&#8230; und führe mich nicht in Versuchung von Rainer Innreiter<br />
Die Schrecken der Stille von Barbara Büchner<br />
Desmodia von Tanya Carpenter<br />
Das Fest der Grauen Mondin von Arthur Gordon Wolf<br />
Tabea von Monika Wunderlich<br />
Shadoir von Dave T. Morgan<br />
Die Schleier des Vergessens von Linda Budinger<br />
Geliebte des Winters von Guido Krain<br />
Schlangenblut von Robin Gates<br />
Epiphany von Christoph Marzi<br />
Das Geschenk von Aino Laos<br />
Deine Nacht soll niemals enden von Desirée &amp; Frank Hoese<br />
Nagual von Harald Braem<br />
Mit 16 Illustrationen von Gaby Hylla und Nachwort von Uschi Zietsch.</p>
<hr />
<h5></h5>
<h5>Mein Beitrag &#8222;Gier und Neugier&#8220;:</h5>
<p>Mein Beitrag zur Drachenburg ist der einzige des Bandes, der im weitesten Sinne der Science Fiction zuzurechnen ist. Dennoch verbindet er sich im Buch mit den anderen Storys zu einem Ganzen. Das klingt zunächst erstaunlich, ist es aber gar nicht. Der rote Faden sind nämlich Burgen und phantastische Geschichten über Burgen.</p>
<hr />
<p>&nbsp;</p>
