{"id":955,"date":"2019-09-05T22:25:33","date_gmt":"2019-09-05T22:25:33","guid":{"rendered":"http:\/\/krain.de\/?page_id=955"},"modified":"2019-09-05T22:26:32","modified_gmt":"2019-09-05T22:26:32","slug":"animals-world","status":"publish","type":"page","link":"http:\/\/krain.de\/?page_id=955","title":{"rendered":"Animals World"},"content":{"rendered":"<p><img loading=\"lazy\" class=\"alignleft wp-image-956\" src=\"http:\/\/krain.de\/wp-content\/uploads\/2019\/09\/dw4cover500.jpg\" alt=\"\" width=\"300\" height=\"480\" srcset=\"http:\/\/krain.de\/wp-content\/uploads\/2019\/09\/dw4cover500.jpg 500w, http:\/\/krain.de\/wp-content\/uploads\/2019\/09\/dw4cover500-188x300.jpg 188w\" sizes=\"(max-width: 300px) 100vw, 300px\" \/><\/p>\n<p>&#8222;Animals World&#8220; ist der vierte Band in Alisha Biondas Reihe &#8222;Dark Wor(l)ds&#8220;. Die Reihe hat sich Lesestoff abseits eingetretener Pfade verschrieben. Dieses Mal geht es um Furrys. Ich selbst steuere eine l\u00e4ngere Novelle bei, die zugleich als Titelstory dient. Ich versuchte mich hier das erste Mal an einer Fur Fiction Geschichte im n\u00e4heren Sinne.<\/p>\n<p>F\u00fcr alle, die gerne wissen m\u00f6chten, worum es in meiner Novelle geht, habe ich schon einmal einen Teaser verfasst:<\/p>\n<p><em>Was ist es, was den Menschen von den anderen Tieren unseres Planeten unterscheidet? Er ist ein Meister darin, seine Mitgesch\u00f6pfe auszubeuten. Seit beginn der Zivilisation spannt er sie buchst\u00e4blich vor seinen Karren, w\u00e4rmt sich mit ihrer Haut und f\u00fcttert seine Brut mit der Milch ihrer M\u00fctter. Und zu allen Zeiten war er durch geschickte Zucht in der Lage, die Tiere immer mehr an seine Bed\u00fcrfnisse anzupassen.<\/em><em><br \/>\n<\/em><\/p>\n<p><em>Wie verlockend ist es da, das Ganze mit den Mitteln der Gentechnik noch einen Schritt weiter zu treiben? So weit, dass die Grenze zwischen <\/em><em>Haustier und <\/em><em>Sklave zu verschwimmen beginnt?<\/em><\/p>\n<p>&nbsp;<\/p>\n<hr \/>\n<p>Anthologie &#8211; Fur-Fiction<br \/>\np. machinery<br \/>\n<strong>Paperback 10,90 \u20ac<\/strong><br \/>\nISBN <strong>978-3-95765-011-5<\/strong><br \/>\nCover: Crossvalley Smith<\/p>\n<h5><strong>Klappentext:<\/strong><\/h5>\n<p>Was ist Fur Fiction? Die Antwort ist einfach: Es ist tierische Fantastik.<br \/>\nAber: Wo f\u00e4ngt Fur Fiction an, wo h\u00f6rt sie auf?<br \/>\nDie Antwort darauf geben die Autoren dieser Kurzgeschichtensammlung \u2013 und das in \u00fcberraschender Vielfalt. Spielt die eine Story auf dieser Erde im Hier und Jetzt, handelt die n\u00e4chste Episode in fiktiven Welten und anderen Zeiten. Sind die einen Akteure reine Tiere, kommen die anderen als Mutanten daher.<\/p>\n<p>Alles ist m\u00f6glich. In ANIMALS\u2019 WORLD.<\/p>\n<p>Inhalt:<br \/>\nFrauenbewegung \u2013 Florian Hilleberg<br \/>\nDer Herr des Dschungels \u2013 Annika Dick<br \/>\nDie Krone der Sch\u00f6pfung \u2013 Margret Schwekendiek<br \/>\nAnimals&#8216; World \u2013 Guido Krain<br \/>\nHasenjagd \u2013 S\u00f6ren Prescher<br \/>\nDer Hase und der B\u00e4r \u2013 S\u00f6ren Prescher<br \/>\nVersto\u00dfen \u2013 Tanja Bern<br \/>\nRudis Rudel \u2013 Andreas Fl\u00f6gel<br \/>\nZwingerbrut \u2013 Martin Barkawitz<br \/>\nHaare \u2013 Achim St\u00f6\u00dfer<br \/>\nGismo \u2013 Dave T. Morgan<br \/>\nDer Katzenkarfunkelstein \u2013 Antje Ippensen<br \/>\nMaustage \u2013 Oliver Kern<br \/>\nWir sind dann mal weg \u2013 Harald A. Weissen<\/p>\n<hr \/>\n<p>&nbsp;<\/p>\n","protected":false},"excerpt":{"rendered":"<p>&#8222;Animals World&#8220; ist der vierte Band in Alisha Biondas Reihe &#8222;Dark Wor(l)ds&#8220;. Die Reihe hat sich [&hellip;]<\/p>\n","protected":false},"author":1,"featured_media":0,"parent":0,"menu_order":0,"comment_status":"closed","ping_status":"closed","template":"","meta":[],"_links":{"self":[{"href":"http:\/\/krain.de\/index.php?rest_route=\/wp\/v2\/pages\/955"}],"collection":[{"href":"http:\/\/krain.de\/index.php?rest_route=\/wp\/v2\/pages"}],"about":[{"href":"http:\/\/krain.de\/index.php?rest_route=\/wp\/v2\/types\/page"}],"author":[{"embeddable":true,"href":"http:\/\/krain.de\/index.php?rest_route=\/wp\/v2\/users\/1"}],"replies":[{"embeddable":true,"href":"http:\/\/krain.de\/index.php?rest_route=%2Fwp%2Fv2%2Fcomments&post=955"}],"version-history":[{"count":4,"href":"http:\/\/krain.de\/index.php?rest_route=\/wp\/v2\/pages\/955\/revisions"}],"predecessor-version":[{"id":958,"href":"http:\/\/krain.de\/index.php?rest_route=\/wp\/v2\/pages\/955\/revisions\/958"}],"wp:attachment":[{"href":"http:\/\/krain.de\/index.php?rest_route=%2Fwp%2Fv2%2Fmedia&parent=955"}],"curies":[{"name":"wp","href":"https:\/\/api.w.org\/{rel}","templated":true}]}}

<p><img loading="lazy" class="alignleft wp-image-956" src="http://krain.de/wp-content/uploads/2019/09/dw4cover500.jpg" alt="" width="300" height="480" srcset="http://krain.de/wp-content/uploads/2019/09/dw4cover500.jpg 500w, http://krain.de/wp-content/uploads/2019/09/dw4cover500-188x300.jpg 188w" sizes="(max-width: 300px) 100vw, 300px" /></p>
<p>&#8222;Animals World&#8220; ist der vierte Band in Alisha Biondas Reihe &#8222;Dark Wor(l)ds&#8220;. Die Reihe hat sich Lesestoff abseits eingetretener Pfade verschrieben. Dieses Mal geht es um Furrys. Ich selbst steuere eine längere Novelle bei, die zugleich als Titelstory dient. Ich versuchte mich hier das erste Mal an einer Fur Fiction Geschichte im näheren Sinne.</p>
<p>Für alle, die gerne wissen möchten, worum es in meiner Novelle geht, habe ich schon einmal einen Teaser verfasst:</p>
<p><em>Was ist es, was den Menschen von den anderen Tieren unseres Planeten unterscheidet? Er ist ein Meister darin, seine Mitgeschöpfe auszubeuten. Seit beginn der Zivilisation spannt er sie buchstäblich vor seinen Karren, wärmt sich mit ihrer Haut und füttert seine Brut mit der Milch ihrer Mütter. Und zu allen Zeiten war er durch geschickte Zucht in der Lage, die Tiere immer mehr an seine Bedürfnisse anzupassen.</em><em><br />
</em></p>
<p><em>Wie verlockend ist es da, das Ganze mit den Mitteln der Gentechnik noch einen Schritt weiter zu treiben? So weit, dass die Grenze zwischen </em><em>Haustier und </em><em>Sklave zu verschwimmen beginnt?</em></p>
<p>&nbsp;</p>
<hr />
<p>Anthologie &#8211; Fur-Fiction<br />
p. machinery<br />
<strong>Paperback 10,90 €</strong><br />
ISBN <strong>978-3-95765-011-5</strong><br />
Cover: Crossvalley Smith</p>
<h5><strong>Klappentext:</strong></h5>
<p>Was ist Fur Fiction? Die Antwort ist einfach: Es ist tierische Fantastik.<br />
Aber: Wo fängt Fur Fiction an, wo hört sie auf?<br />
Die Antwort darauf geben die Autoren dieser Kurzgeschichtensammlung – und das in überraschender Vielfalt. Spielt die eine Story auf dieser Erde im Hier und Jetzt, handelt die nächste Episode in fiktiven Welten und anderen Zeiten. Sind die einen Akteure reine Tiere, kommen die anderen als Mutanten daher.</p>
<p>Alles ist möglich. In ANIMALS’ WORLD.</p>
<p>Inhalt:<br />
Frauenbewegung – Florian Hilleberg<br />
Der Herr des Dschungels – Annika Dick<br />
Die Krone der Schöpfung – Margret Schwekendiek<br />
Animals&#8216; World – Guido Krain<br />
Hasenjagd – Sören Prescher<br />
Der Hase und der Bär – Sören Prescher<br />
Verstoßen – Tanja Bern<br />
Rudis Rudel – Andreas Flögel<br />
Zwingerbrut – Martin Barkawitz<br />
Haare – Achim Stößer<br />
Gismo – Dave T. Morgan<br />
Der Katzenkarfunkelstein – Antje Ippensen<br />
Maustage – Oliver Kern<br />
Wir sind dann mal weg – Harald A. Weissen</p>
<hr />
<p>&nbsp;</p>
